 the greatest common factor of 952 and 99903951.
119
What is the highest common factor of 4077475 and 430?
215
What is the highest common factor of 70004 and 19247316?
1892
Calculate the highest common divisor of 45 and 7294314.
3
What is the greatest common divisor of 740064 and 1704?
24
Calculate the highest common divisor of 806 and 6507272.
62
Calculate the highest common factor of 3762 and 14978403.
1881
What is the greatest common divisor of 2489718 and 12560174?
6974
Calculate the highest common factor of 63 and 1161909.
63
What is the highest common divisor of 6378 and 18128402?
2126
What is the highest common divisor of 219 and 102444039?
219
Calculate the greatest common factor of 3356100 and 4455.
1485
What is the highest common divisor of 5603 and 891553?
13
Calculate the greatest common factor of 473876 and 6129544.
2804
Calculate the greatest common factor of 11796006 and 11886.
1698
Calculate the greatest common factor of 764932 and 412.
4
What is the greatest common factor of 4 and 54772328?
4
What is the greatest common divisor of 45991935 and 15?
15
Calculate the highest common factor of 57 and 1294308.
3
Calculate the highest common divisor of 53118276 and 6147.
2049
What is the highest common divisor of 1369087 and 21449?
89
What is the highest common divisor of 206255 and 1415?
5
Calculate the highest common divisor of 375 and 1988975.
25
What is the highest common divisor of 85 and 488091590?
85
What is the greatest common divisor of 68 and 285540364?
68
What is the greatest common divisor of 800 and 47155925?
25
Calculate the highest common factor of 59805140 and 46516.
1604
Calculate the greatest common divisor of 1135563 and 234.
39
Calculate the highest common factor of 1242 and 69954822.
414
Calculate the highest common factor of 9112 and 16241336.
536
Calculate the greatest common divisor of 5226403 and 171509.
1027
What is the highest common divisor of 36097011 and 81?
9
Calculate the greatest common factor of 79 and 1514203981.
79
Calculate the highest common factor of 2692 and 39813334.
1346
Calculate the greatest common factor of 24614216 and 418.
22
What is the greatest common factor of 33345630 and 3450?
690
What is the greatest common divisor of 839064322 and 677?
677
Calculate the greatest common factor of 33299541 and 11.
11
Calculate the highest common divisor of 1139 and 233399324.
1139
What is the highest common divisor of 134 and 2784048?
2
Calculate the greatest common factor of 1 and 92383477.
1
What is the highest common factor of 11480 and 124688872?
2296
Calculate the highest common divisor of 141824 and 15261592.
2216
What is the highest common divisor of 240 and 32647720?
40
Calculate the greatest common factor of 2596516340 and 44.
44
What is the highest common factor of 2512611450 and 3852?
1926
What is the greatest common factor of 190454 and 272302?
1574
What is the greatest common divisor of 37527336 and 99?
99
Calculate the highest common factor of 11457336 and 204.
12
Calculate the highest common factor of 2080 and 97507360.
160
What is the highest common factor of 450180 and 101790?
90
Calculate the greatest common divisor of 16353552 and 23092.
92
What is the highest common divisor of 2848962 and 159?
159
Calculate the greatest common factor of 28143 and 289698.
159
What is the greatest common divisor of 30 and 2035785?
15
What is the highest common divisor of 18492760 and 51410?
530
Calculate the greatest common divisor of 520055940 and 132.
12
What is the highest common divisor of 5036830 and 4130?
590
What is the highest common factor of 13986 and 164402?
14
Calculate the highest common factor of 154068 and 52778700.
4164
What is the greatest common factor of 18 and 366773598?
18
Calculate the highest common divisor of 13338643 and 559.
43
What is the highest common divisor of 27873 and 10807389?
1467
Calculate the highest common factor of 7469 and 421267.
77
What is the greatest common divisor of 1400 and 52607600?
200
What is the highest common factor of 160 and 1670815?
5
What is the highest common factor of 12362 and 8785?
7
What is the highest common factor of 90 and 20203590?
30
Calculate the greatest common factor of 30 and 5000690.
10
What is the highest common factor of 1216 and 6267712?
64
What is the highest common factor of 24994482 and 209103?
4449
Calculate the greatest common factor of 6482366 and 9482.
22
Calculate the highest common divisor of 184318 and 85094.
314
What is the highest common divisor of 6375 and 1706715?
255
Calculate the highest common divisor of 9012940 and 4030.
310
What is the highest common factor of 11782332 and 353007?
5787
What is the highest common factor of 2890967 and 124?
31
What is the highest common divisor of 4235766 and 6576?
822
Calculate the greatest common divisor of 606 and 942498.
6
Calculate the greatest common factor of 17388 and 440013.
483
What is the highest common divisor of 330 and 41206?
22
Calculate the greatest common divisor of 37031000 and 10700.
100
What is the highest common factor of 44 and 11293887?
11
What is the greatest common factor of 7077023 and 388?
97
What is the highest common divisor of 129 and 412263?
3
Calculate the highest common factor of 102152 and 2608.
8
Calculate the greatest common factor of 3589300 and 316260.
5020
Calculate the greatest common factor of 40992 and 8595888.
336
What is the highest common factor of 13 and 1362181158?
13
What is the highest common factor of 123123 and 819?
273
What is the highest common factor of 1567392 and 219936?
2784
What is the greatest common factor of 568 and 1145159?
71
Calculate the greatest common divisor of 3196400 and 1199960.
5240
Calculate the highest common divisor of 3380802 and 3126.
6
What is the highest common factor of 524 and 15173?
1
What is the greatest common divisor of 630 and 1932570?
90
Calculate the highest common divisor of 3524 and 12268.
4
What is the greatest common factor of 1340 and 311800?
20
Calculate the greatest common divisor of 213327 and 105840.
27
Calculate the greatest common divisor of 3198 and 817206.
78
What is the highest common factor of 1428 and 294602588?
476
What is the highest common divisor of 13040 and 213756570?
1630
Calculate the greatest common factor of 46 and 42839731.
23
What is the highest common divisor of 7121522 and 370303?
1009
What is the highest common factor of 408 and 2105076?
204
What is the highest common divisor of 42351387 and 1053?
39
Calculate the greatest common factor of 73713906 and 7.
7
Calculate the greatest common factor of 1311309 and 1593.
27
What is the greatest common divisor of 4304224 and 256?
32
Calculate the greatest common factor of 502 and 148683866.
502
Calculate the greatest common divisor of 64 and 2151920.
16
What is the highest common factor of 164 and 196794014?
82
Calculate the greatest common divisor of 83 and 109856393.
83
What is the greatest common factor of 530059111 and 4898?
2449
Calculate the highest common factor of 204 and 161354565.
51
Calculate the greatest common divisor of 3165264 and 22896.
432
Calculate the highest common factor of 66669 and 7242.
213
What is the greatest common divisor of 36494671 and 73?
73
What is the highest common divisor of 230685 and 4935?
105
Calculate the greatest common divisor of 302775525 and 19125.
3825
Calculate the greatest common divisor of 719319 and 33833.
1471
What is the highest common divisor of 1654823056 and 48?
16
Calculate the greatest common divisor of 6471311789 and 43.
43
What is the highest common factor of 198036 and 522?
18
What is the greatest common factor of 125269 and 29?
1
What is the greatest common factor of 70 and 5103238?
14
What is the highest common divisor of 83 and 166704089?
83
What is the highest common divisor of 3918 and 14015992?
1306
Calculate the greatest common factor of 137764572 and 3795.
759
Calculate the highest common divisor of 136 and 9374956.
68
What is the greatest common factor of 88080 and 10215?
15
What is the greatest common divisor of 27678 and 13174?
14
Calculate the greatest common divisor of 604 and 57078.
302
What is the highest common factor of 128927855 and 5110?
2555
What is the greatest common factor of 484 and 30903037?
121
What is the highest common factor o